{"id":3,"date":"2023-12-06T19:57:42","date_gmt":"2023-12-06T19:57:42","guid":{"rendered":"https:\/\/monografacil.com.br\/loja\/?page_id=3"},"modified":"2024-03-26T05:01:05","modified_gmt":"2024-03-26T05:01:05","slug":"politica-de-privacidade-e-termos-e-condicoes","status":"publish","type":"page","link":"https:\/\/www.monografacil.com.br\/loja\/politica-de-privacidade-e-termos-e-condicoes\/","title":{"rendered":"Pol\u00edtica de Privacidade e Termos e Condi\u00e7\u00f5es Monograf\u00e1cil"},"content":{"rendered":"\t\t<div data-elementor-type=\"wp-page\" data-elementor-id=\"3\" class=\"elementor elementor-3\" data-elementor-post-type=\"page\">\n\t\t\t\t<div class=\"elementor-element elementor-element-4ab09ceb e-flex e-con-boxed e-con e-parent\" data-id=\"4ab09ceb\" data-element_type=\"container\" data-settings=\"{&quot;background_background&quot;:&quot;classic&quot;}\">\n\t\t\t\t\t<div class=\"e-con-inner\">\n\t\t<div class=\"elementor-element elementor-element-9e98b5c e-flex e-con-boxed e-con e-child\" data-id=\"9e98b5c\" data-element_type=\"container\">\n\t\t\t\t\t<div class=\"e-con-inner\">\n\t\t\t\t<div class=\"elementor-element elementor-element-50eee40 elementor-widget elementor-widget-heading\" data-id=\"50eee40\" data-element_type=\"widget\" data-widget_type=\"heading.default\">\n\t\t\t\t<div class=\"elementor-widget-container\">\n\t\t\t\t\t<h2 class=\"elementor-heading-title elementor-size-default\">Pol\u00edtica de Privacidade e Termos e Condi\u00e7\u00f5es<\/h2>\t\t\t\t<\/div>\n\t\t\t\t<\/div>\n\t\t\t\t\t<\/div>\n\t\t\t\t<\/div>\n\t\t<div class=\"elementor-element elementor-element-2767dec e-flex e-con-boxed e-con e-child\" data-id=\"2767dec\" data-element_type=\"container\">\n\t\t\t\t\t<div class=\"e-con-inner\">\n\t\t\t\t<div class=\"elementor-element elementor-element-522d129b elementor-widget elementor-widget-text-editor\" data-id=\"522d129b\" data-element_type=\"widget\" data-widget_type=\"text-editor.default\">\n\t\t\t\t<div class=\"elementor-widget-container\">\n\t\t\t\t\t\t\t\t\t\n<div class=\"elementor-element elementor-element-dad49c6 elementor-widget elementor-widget-heading\" data-id=\"dad49c6\" data-element_type=\"widget\" data-widget_type=\"heading.default\">\n<div class=\"elementor-widget-container\">\n<p><br \/><span style=\"color: #ff9900;\"><strong>1. Quem Somos<\/strong><\/span><br \/>O endere\u00e7o do nosso site \u00e9: https:\/\/monografacil.com.br\/loja.<\/p>\n<\/div>\n<p><strong style=\"color: #ff9900;\">2. Coleta de Dados Pessoais<\/strong><\/p>\n<div class=\"elementor-widget-container\">\n<p><span style=\"color: #ff9900;\"><strong>2.1 Coment\u00e1rios<\/strong><\/span><br \/>Quando os visitantes deixam coment\u00e1rios no site, coletamos os dados mostrados no formul\u00e1rio de coment\u00e1rios, o endere\u00e7o IP do visitante e dados do navegador para ajudar na detec\u00e7\u00e3o de spam. Al\u00e9m disso, uma string anonimizada (hash) criada a partir do seu e-mail pode ser enviada ao servi\u00e7o Gravatar para verificar o uso. A pol\u00edtica de privacidade do Gravatar est\u00e1 dispon\u00edvel em https:\/\/automattic.com\/privacy\/. Ap\u00f3s a aprova\u00e7\u00e3o do seu coment\u00e1rio, sua foto de perfil ser\u00e1 vis\u00edvel publicamente ao lado do coment\u00e1rio.<\/p>\n<p><span style=\"color: #ff9900;\"><strong>2.2 M\u00eddia<\/strong><\/span><br \/>Se voc\u00ea envia imagens para o site, evite enviar aquelas que contenham dados de localiza\u00e7\u00e3o incorporados (EXIF GPS), pois outros visitantes podem baixar e extrair esses dados.<\/p>\n<p><span style=\"color: #ff9900;\"><strong>2.3 Cookies<\/strong><\/span><br \/>Ao deixar um coment\u00e1rio no site, voc\u00ea pode optar por salvar seu nome, e-mail e site nos cookies. Esses cookies t\u00eam dura\u00e7\u00e3o de um ano.<\/p>\n<p><span style=\"color: #ff9900;\"><strong>3. Uso de Cookies e Tecnologias Semelhantes<\/strong><\/span><br \/>Utilizamos cookies para gerenciar sess\u00f5es, prefer\u00eancias e para identificar padr\u00f5es de uso, visando aprimorar a experi\u00eancia de navega\u00e7\u00e3o em nosso site.<\/p>\n<p><span style=\"color: #ff9900;\"><strong>4. M\u00eddia Incorporada de Outros Sites<\/strong><\/span><br \/>Artigos neste site podem incluir conte\u00fados incorporados, como v\u00eddeos, imagens, artigos etc. Conte\u00fados incorporados de outros sites comportam-se exatamente como se o visitante estivesse nesse outro site. Esses sites podem coletar dados sobre voc\u00ea, usar cookies e monitorar sua intera\u00e7\u00e3o.<\/p>\n<p><span style=\"color: #ff9900;\"><strong>5. Compartilhamento de Dados<\/strong><\/span><br \/>N\u00e3o compartilhamos seus dados pessoais com terceiros, exceto em casos de solicita\u00e7\u00e3o legal ou para a presta\u00e7\u00e3o de servi\u00e7os solicitados por voc\u00ea, como redefini\u00e7\u00e3o de senha.<\/p>\n<p><span style=\"color: #ff9900;\"><strong>6. Reten\u00e7\u00e3o de Dados<\/strong><\/span><br \/>Mantemos seus dados pelo tempo necess\u00e1rio para fornecer nossos servi\u00e7os e para fins legais, de seguran\u00e7a e de administra\u00e7\u00e3o.<\/p>\n<p><span style=\"color: #ff9900;\"><strong>7. Seus Direitos sob a LGPD<\/strong><\/span><br \/>Voc\u00ea tem o direito de acessar, corrigir, transferir ou solicitar a exclus\u00e3o de seus dados pessoais. Para exercer esses direitos, entre em contato conosco atrav\u00e9s de contato@monografacil.com.br.<\/p>\n<p><span style=\"color: #ff9900;\"><strong>8. Seguran\u00e7a dos Dados<\/strong><\/span><br \/>Tomamos medidas para proteger seus dados contra acesso n\u00e3o autorizado, altera\u00e7\u00e3o, divulga\u00e7\u00e3o ou destrui\u00e7\u00e3o.<\/p>\n<p><span style=\"color: #ff9900;\"><strong>9. Altera\u00e7\u00f5es na Pol\u00edtica de Privacidade<\/strong><\/span><br \/>Podemos atualizar esta pol\u00edtica periodicamente. Encorajamos voc\u00ea a revisar esta pol\u00edtica regularmente para se manter informado sobre como estamos protegendo seus dados.<\/p>\n<p><span style=\"color: #ff9900;\"><strong>10. Pol\u00edtica de Reembolso e Devolu\u00e7\u00e3o para Produtos Digitais<\/strong><\/span><br \/>Nossa pol\u00edtica de reembolso e devolu\u00e7\u00e3o para produtos digitais \u00e9 v\u00e1lida por 07 dias. Se passaram 07 dias desde a sua compra, n\u00e3o podemos oferecer um reembolso total ou troca.<\/p>\n<p>Para produtos digitais, adquiridos junto a empresa, consideramos o pedido de devolu\u00e7\u00e3o se o produto n\u00e3o foi acessado ou baixado. Uma vez que o produto digital foi acessado ou baixado, ele n\u00e3o \u00e9 eleg\u00edvel para devolu\u00e7\u00e3o ou reembolso.<\/p>\n<p>Para processar sua devolu\u00e7\u00e3o, exigimos um recibo ou comprovante de compra.<\/p>\n<p><span style=\"color: #ff9900;\"><strong>10.1 Reembolsos<\/strong><\/span><br \/>Uma vez que a solicita\u00e7\u00e3o de devolu\u00e7\u00e3o \u00e9 recebida e o n\u00e3o uso do produto digital \u00e9 verificado, enviaremos um e-mail para notific\u00e1-lo da aprova\u00e7\u00e3o ou rejei\u00e7\u00e3o do seu reembolso. Se for aprovado, ent\u00e3o seu reembolso ser\u00e1 processado, e um cr\u00e9dito ser\u00e1 automaticamente aplicado ao seu cart\u00e3o de cr\u00e9dito ou m\u00e9todo original de pagamento, dentro de um determinado n\u00famero de dias.<\/p>\n<p><span style=\"color: #ff9900;\"><strong>10.2 Reembolsos Atrasados ou Perdidos<\/strong><\/span><br \/>Se voc\u00ea ainda n\u00e3o recebeu um reembolso, primeiro verifique sua conta banc\u00e1ria novamente. Depois, entre em contato com a empresa do seu cart\u00e3o de cr\u00e9dito, pois pode levar algum tempo antes que seu reembolso seja oficialmente postado. Em seguida, entre em contato com seu banco. Se voc\u00ea fez tudo isso e ainda n\u00e3o recebeu seu reembolso, por favor entre em contato conosco em contato@monografacil.com.br.<\/p>\n<p><span style=\"color: #ff9900;\"><strong>10.3 Itens em Promo\u00e7\u00e3o<\/strong><\/span><\/p>\n<\/div>\n<p>Apenas itens com pre\u00e7o regular podem ser reembolsados. Itens em promo\u00e7\u00e3o n\u00e3o podem ser reembolsados.<\/p>\n<div class=\"elementor-widget-container\">\n<p><span style=\"color: #ff9900;\"><strong>11. Trocas<\/strong><\/span><br \/>Devido \u00e0 natureza dos produtos digitais, n\u00e3o oferecemos trocas. Para assist\u00eancia com produtos digitais, entre em contato conosco em contato@monografacil.com.br.<\/p>\n<\/div>\n<p><span style=\"color: #ff9900;\"><strong>12. Finalidade dos servi\u00e7os prestados<\/strong><\/span><\/p>\n<p>As produ\u00e7\u00f5es provenientes dos servi\u00e7os prestados pela empresa objetivam \u00fanica e exclusivamente assessorar e auxiliar o cliente em sua atividade acad\u00eamica. Tais servi\u00e7os de consultoria acad\u00eamica tem como natureza a obriga\u00e7\u00e3o de meio, e n\u00e3o de finalidade. Assim sendo, a Monograf\u00e1cil n\u00e3o possui, desde o in\u00edcio da negocia\u00e7\u00e3o, quaisquer outros fins, a n\u00e3o ser o de produzir uma pesquisa original, autoral e independente para fins de apoio no \u00e2mbito educacional, al\u00e9m de demais servi\u00e7os de natureza em consultoria acad\u00eamica como corre\u00e7\u00f5es, formata\u00e7\u00f5es, apresenta\u00e7\u00f5es e mentorias. A Monograf\u00e1cil n\u00e3o se responsabiliza pelo uso irregular ou il\u00edcito do material acad\u00eamico disponibilizado, mencionado neste termo, por parte do contratante.<\/p>\n<div class=\"elementor-widget-container\">\n<p><span style=\"color: #ff9900;\"><strong>13. <\/strong><strong>Precisa de Ajuda?<\/strong><\/span><\/p>\n<p>Entre em contato conosco em contato@monografacil.com.br para quest\u00f5es relacionadas a reembolsos e devolu\u00e7\u00f5es de produtos digitais.<\/p>\n<\/div>\n<\/div>\n\t\t\t\t\t\t\t\t<\/div>\n\t\t\t\t<\/div>\n\t\t\t\t\t<\/div>\n\t\t\t\t<\/div>\n\t\t\t\t\t<\/div>\n\t\t\t\t<\/div>\n\t\t\t\t<\/div>\n\t\t","protected":false},"excerpt":{"rendered":"<p>Pol\u00edtica de Privacidade e Termos e Condi\u00e7\u00f5es 1. Quem SomosO endere\u00e7o do nosso site \u00e9: https:\/\/monografacil.com.br\/loja. 2. Coleta de Dados Pessoais 2.1 Coment\u00e1riosQuando os visitantes deixam coment\u00e1rios no site, coletamos os dados mostrados no formul\u00e1rio de coment\u00e1rios, o endere\u00e7o IP do visitante e dados do navegador para ajudar na detec\u00e7\u00e3o de spam. Al\u00e9m disso, uma [&hellip;]<\/p>\n","protected":false},"author":1,"featured_media":0,"parent":0,"menu_order":0,"comment_status":"closed","ping_status":"closed","template":"","meta":{"footnotes":""},"_links":{"self":[{"href":"https:\/\/www.monografacil.com.br\/loja\/wp-json\/wp\/v2\/pages\/3"}],"collection":[{"href":"https:\/\/www.monografacil.com.br\/loja\/wp-json\/wp\/v2\/pages"}],"about":[{"href":"https:\/\/www.monografacil.com.br\/loja\/wp-json\/wp\/v2\/types\/page"}],"author":[{"embeddable":true,"href":"https:\/\/www.monografacil.com.br\/loja\/wp-json\/wp\/v2\/users\/1"}],"replies":[{"embeddable":true,"href":"https:\/\/www.monografacil.com.br\/loja\/wp-json\/wp\/v2\/comments?post=3"}],"version-history":[{"count":0,"href":"https:\/\/www.monografacil.com.br\/loja\/wp-json\/wp\/v2\/pages\/3\/revisions"}],"wp:attachment":[{"href":"https:\/\/www.monografacil.com.br\/loja\/wp-json\/wp\/v2\/media?parent=3"}],"curies":[{"name":"wp","href":"https:\/\/api.w.org\/{rel}","templated":true}]}}