{"id":1545,"date":"2024-01-28T20:16:10","date_gmt":"2024-01-28T20:16:10","guid":{"rendered":"https:\/\/monografacil.com.br\/loja\/?post_type=product&#038;p=1545"},"modified":"2024-04-24T02:09:01","modified_gmt":"2024-04-24T02:09:01","slug":"pacote-03-correcoes","status":"publish","type":"product","link":"https:\/\/www.monografacil.com.br\/loja\/pacote-03-correcoes\/","title":{"rendered":"Pacote de 03 Corre\u00e7\u00f5es"},"content":{"rendered":"<div class=\"elementor-price-list-text\">\n<div class=\"elementor-price-list-text\">\n<p class=\"elementor-price-list-description\">Pacote abrangendo 03 corre\u00e7\u00f5es distintas do mesmo trabalho base em rela\u00e7\u00e3o \u00e0: an\u00e1lise de conte\u00fado, verifica\u00e7\u00e3o de originalidade contra pl\u00e1gio, corre\u00e7\u00e3o gramatical e melhorias pontuais. A partir de R$ 265,00.<\/p>\n<\/div>\n<\/div>\n","protected":false},"excerpt":{"rendered":"<p>Pacote abrangendo 03 corre\u00e7\u00f5es distintas do mesmo trabalho base em rela\u00e7\u00e3o \u00e0: an\u00e1lise de conte\u00fado, verifica\u00e7\u00e3o de originalidade contra pl\u00e1gio, corre\u00e7\u00e3o gramatical e melhorias pontuais. A partir de R$ 265,00.<\/p>\n","protected":false},"featured_media":3339,"comment_status":"open","ping_status":"closed","template":"","meta":[],"product_cat":[21],"product_tag":[],"_links":{"self":[{"href":"https:\/\/www.monografacil.com.br\/loja\/wp-json\/wp\/v2\/product\/1545"}],"collection":[{"href":"https:\/\/www.monografacil.com.br\/loja\/wp-json\/wp\/v2\/product"}],"about":[{"href":"https:\/\/www.monografacil.com.br\/loja\/wp-json\/wp\/v2\/types\/product"}],"replies":[{"embeddable":true,"href":"https:\/\/www.monografacil.com.br\/loja\/wp-json\/wp\/v2\/comments?post=1545"}],"wp:featuredmedia":[{"embeddable":true,"href":"https:\/\/www.monografacil.com.br\/loja\/wp-json\/wp\/v2\/media\/3339"}],"wp:attachment":[{"href":"https:\/\/www.monografacil.com.br\/loja\/wp-json\/wp\/v2\/media?parent=1545"}],"wp:term":[{"taxonomy":"product_cat","embeddable":true,"href":"https:\/\/www.monografacil.com.br\/loja\/wp-json\/wp\/v2\/product_cat?post=1545"},{"taxonomy":"product_tag","embeddable":true,"href":"https:\/\/www.monografacil.com.br\/loja\/wp-json\/wp\/v2\/product_tag?post=1545"}],"curies":[{"name":"wp","href":"https:\/\/api.w.org\/{rel}","templated":true}]}}