{"id":700,"date":"2024-01-23T19:41:24","date_gmt":"2024-01-23T19:41:24","guid":{"rendered":"https:\/\/monografacil.com.br\/loja\/?post_type=product&#038;p=700"},"modified":"2024-04-24T02:12:19","modified_gmt":"2024-04-24T02:12:19","slug":"formatacao","status":"publish","type":"product","link":"https:\/\/www.monografacil.com.br\/loja\/formatacao\/","title":{"rendered":"Formata\u00e7\u00e3o"},"content":{"rendered":"<p>Contempla formata\u00e7\u00e3o segundo o modelo da institui\u00e7\u00e3o e adequa\u00e7\u00e3o \u00e0s normas ABNT, VANCOUVER ou APA. Valores a partir de 165 reais.<\/p>\n","protected":false},"excerpt":{"rendered":"<p>Contempla formata\u00e7\u00e3o segundo o modelo da institui\u00e7\u00e3o e adequa\u00e7\u00e3o \u00e0s normas ABNT, VANCOUVER ou APA. Valores a partir de 165 reais.<\/p>\n","protected":false},"featured_media":3347,"comment_status":"open","ping_status":"closed","template":"","meta":[],"product_cat":[21],"product_tag":[],"_links":{"self":[{"href":"https:\/\/www.monografacil.com.br\/loja\/wp-json\/wp\/v2\/product\/700"}],"collection":[{"href":"https:\/\/www.monografacil.com.br\/loja\/wp-json\/wp\/v2\/product"}],"about":[{"href":"https:\/\/www.monografacil.com.br\/loja\/wp-json\/wp\/v2\/types\/product"}],"replies":[{"embeddable":true,"href":"https:\/\/www.monografacil.com.br\/loja\/wp-json\/wp\/v2\/comments?post=700"}],"wp:featuredmedia":[{"embeddable":true,"href":"https:\/\/www.monografacil.com.br\/loja\/wp-json\/wp\/v2\/media\/3347"}],"wp:attachment":[{"href":"https:\/\/www.monografacil.com.br\/loja\/wp-json\/wp\/v2\/media?parent=700"}],"wp:term":[{"taxonomy":"product_cat","embeddable":true,"href":"https:\/\/www.monografacil.com.br\/loja\/wp-json\/wp\/v2\/product_cat?post=700"},{"taxonomy":"product_tag","embeddable":true,"href":"https:\/\/www.monografacil.com.br\/loja\/wp-json\/wp\/v2\/product_tag?post=700"}],"curies":[{"name":"wp","href":"https:\/\/api.w.org\/{rel}","templated":true}]}}